e?
False
Is 252509 prime?
True
Is 604351 prime?
False
Is 129111 a prime number?
False
Is 2045 a prime number?
False
Is 19661 a composite number?
False
Is 74557 a composite number?
True
Is 139661 composite?
False
Is 58537 a composite number?
False
Is 129263 prime?
True
Is 115 composite?
True
Is 16601 a composite number?
True
Is 54347 prime?
True
Is 391103 prime?
True
Is 293 composite?
False
Is 45967 composite?
True
Is 3251 a prime number?
True
Is 13147 composite?
False
Is 20417 a composite number?
True
Is 107581 prime?
True
Is 773207 prime?
True
Is 24577 prime?
False
Is 2777 a composite number?
False
Is 27947 a prime number?
True
Is 146649 composite?
True
Is 1943 a composite number?
True
Is 32297 a composite number?
False
Is 604441 prime?
True
Is 215959 a composite number?
False
Is 47605 a composite number?
True
Is 306877 prime?
True
Is 70046 a composite number?
True
Is 84437 prime?
True
Is 41879 composite?
False
Is 87 prime?
False
Is 113713 composite?
True
Is 20411 prime?
True
Is 64333 prime?
True
Is 50357 a prime number?
False
Is 882359 composite?
False
Is 92551 composite?
False
Is 1317013 composite?
False
Is 31811 prime?
False
Is 10655 a prime number?
False
Is 84155 prime?
False
Is 449 composite?
False
Is 585433 prime?
False
Is 7753 prime?
True
Is 81071 composite?
False
Is 1100681 composite?
False
Is 32771 a composite number?
False
Is 2203 a prime number?
True
Is 61107 a composite number?
True
Is 16161 a prime number?
False
Is 421381 prime?
True
Is 11283 prime?
False
Is 7621 composite?
False
Is 74047 prime?
True
Is 20621 a prime number?
False
Is 4253 composite?
False
Is 77951 prime?
True
Is 5447 composite?
True
Is 214153 prime?
False
Is 275579 a composite number?
False
Is 7891 a prime number?
False
Is 9601 a prime number?
True
Is 48973 a composite number?
False
Is 13829 a composite number?
False
Is 317215 prime?
False
Is 223507 a prime number?
True
Is 24319 a composite number?
True
Is 87155 prime?
False
Is 194671 prime?
True
Is 225031 a prime number?
False
Is 31243 composite?
True
Is 347951 a composite number?
False
Is 5855 composite?
True
Is 79489 prime?
False
Is 428737 prime?
False
Is 88423 composite?
False
Is 24721 prime?
False
Is 84701 composite?
False
Is 1031399 composite?
False
Is 79057 composite?
True
Is 120167 a prime number?
True
Is 134471 a prime number?
True
Is 64399 prime?
True
Is 21849 prime?
False
Is 67801 composite?
False
Is 123787 prime?
True
Is 77921 composite?
True
Is 374961 a prime number?
False
Is 207797 a prime number?
True
Is 435679 a composite number?
False
Is 13123 a composite number?
True
Is 792179 a composite number?
False
Is 3339331 composite?
False
Is 7609 a prime number?
False
Is 113537 composite?
False
Is 2777 prime?
True
Is 67391 prime?
True
Is 1499 a composite number?
False
Is 6469 a composite number?
False
Is 358 composite?
True
Is 482227 a composite number?
False
Is 358307 a prime number?
False
Is 30802 prime?
False
Is 209213 prime?
True
Is 3060053 composite?
False
Is 83311 prime?
True
Is 10969 composite?
True
Is 215681 prime?
True
Is 33841 a composite number?
True
Is 12449 composite?
True
Is 16547 a prime number?
True
Is 449 a composite number?
False
Is 10261 composite?
True
Is 3337 a composite number?
True
Is 130769 a prime number?
True
Is 14621 prime?
True
Is 271259 a prime number?
False
Is 85487 a composite number?
False
Is 229531 a composite number?
True
Is 108821 prime?
True
Is 348487 composite?
False
Is 13309 a composite number?
False
Is 623 a composite number?
True
Is 28001 a composite number?
False
Is 1270985 a prime number?
False
Is 100354 a composite number?
True
Is 26801 a prime number?
True
Is 33505 prime?
False
Is 26269 composite?
True
Is 8503 a composite number?
True
Is 66013 a prime number?
False
Is 19549 prime?
False
Is 379 composite?
False
Is 6607 prime?
True
Is 74093 prime?
True
Is 15689 composite?
True
Is 11017 prime?
False
Is 1934 composite?
True
Is 11549 prime?
True
Is 2101607 a prime number?
True
Is 6287 prime?
True
Is 34951 a prime number?
False
Is 53681 a prime number?
True
Is 797869 prime?
True
Is 2179 a composite number?
False
Is 1338565 prime?
False
Is 200523 prime?
False
Is 3491 a composite number?
False
Is 41077 a prime number?
True
Is 23854 a composite number?
True
Is 419 prime?
True
Is 40693 composite?
False
Is 82591 composite?
False
Is 212183 prime?
True
Is 324689 prime?
True
Is 60859 a prime number?
True
Is 162101 a prime number?
False
Is 348149 prime?
True
Is 14461 prime?
True
Is 909689 composite?
True
Is 460667 a composite number?
True
Is 32831 composite?
False
Is 10847 prime?
True
Is 862669 a composite number?
False
Is 70373 a prime number?
True
Is 1741 composite?
False
Is 17851 composite?
False
Is 256661 a prime number?
True
Is 1043 a composite number?
True
Is 24845 prime?
False
Is 293 composite?
False
Is 9923 composite?
False
Is 33895 a prime number?
False
Is 48847 a prime number?
True
Is 1382861 a prime number?
True
Is 18831 composite?
True
Is 52791 a prime number?
False
Is 167521 composite?
False
Is 1051697 prime?
True
Is 797 a prime number?
True
Is 2029223 a composite number?
True
Is 238919 composite?
False
Is 73417 composite?
False
Is 2173 prime?
False
Is 2574721 a prime number?
True
Is 213143 composite?
True
Is 11347 a prime number?
False
Is 33963 a prime number?
False
Is 6067 composite?
False
Is 24493 prime?
False
Is 79333 prime?
True
Is 74833 a composite number?
True
Is 2195 prime?
False
Is 129277 prime?
True
Is 859 a composite number?
False
Is 3989 a composite number?
False
Is 869 composite?
True
Is 33407 prime?
False
Is 67885 prime?
False
Is 2759 a prime number?
False
Is 225341 prime?
True
Is 22417 prime?
False
Is 90353 prime?
True
Is 500083 a prime number?
True
Is 223131 a prime number?
False
Is 3121961 a prime number?
True
Is 9561 prime?
False
Is 68759 a prime number?
False
Is 1189 a composite number?
True
Is 22353 a composite number?
True
Is 150266 a composite number?
True
Is 26903 prime?
True
Is 17129 composite?
True
Is 2129 a composite number?
False
Is 38107 a prime number?
False
Is 4253 a composite number?
False
Is 2633 composite?
False
Is 89189 composite?
False
Is 687893 prime?
True
Is 477143 a prime number?
False
Is 26591 a prime number?
True
Is 3881 prime?
True
Is 6091603 a composite number?
True
Is 56167 prime?
True
Is 19519 a composite number?
True
Is 1937 a prime number?
False
Is 120403 composite?
True
Is 141793 a composite number?
False
Is 403346 a prime number?
False
Is 31 a composite number?
False
Is 1151 prime?
True
Is 9337 prime?
True
Is 202021 prime?
True
Is 3061 a composite number?
False
Is 450707 prime?
True
Is 17711 a prime number?
False
Is 8657 prime?
False
Is 1046779 prime?
True
Is 6619 a composite number?
False
Is 22217 a prime number?
False
Is 217599 a prime number?
False
Is 25339 a composite number?
False
Is 25007 composite?
True
Is 18589 a prime number?
False
Is 109073 prime?
True
Is 3412657 a prime number?
True
Is 1469827 prime?
False
Is 3452923 a prime number?
True
Is 43003 composite?
False
Is 52147 a prime number?
True
Is 30631 prime?
True
Is 14969 a composite number?
False
Is 240419 a prime number?
False
Is 139079 a composite number?
False
Is 7113 composite?
True
Is 254959 a composite number?
False
Is 322709 a prime number?
True
Is 20777 prime?
False
Is 127157 composite?
False
Is 29157 prime?
False
Is 108863 prime?
True
Is 328093 a prime number?
True
Is 6743 a composite number?
True
Is 11029 prime?
False
Is 5729 a composite number?
True
Is 55059 composite?
True
Is 363595 prime?
False
Is 1016023 prime?
True
Is 149393 prime?
True
Is 70937 a prime number?
True
Is 458309 composite?
False
Is 212989 composite?
True
Is 472189 prime?
True
Is 228751 composite?
False
Is 24431 a composite number?
True
Is 34971 prime?
False
Is 3530821 a prime number?
False
Is 1007857 composite?
False
Is 44279 prime?
True
Is 9991 prime?
False
Is 186647 a composite number?
False
Is 397697 a composite number?
False
Is 4831 a prime number?
True
Is 7561 a prime number?
True
Is 10453 composite?
False
Is 12743 prime?
True
Is 137909 a prime number?
True
Is 56321 a prime number?
False
Is 41671 a composite number?
True
Is 27769 composite?
True
Is 15401 composite?
False
Is 1169 composite?
True
Is 170047 a composite number?
False
Is 43331 a composite number?
False
I